ber?
True
Let n = 372 - 121. Is n a composite number?
False
Let l(d) = 2*d**2 - 4*d - 4. Let a be l(-3). Let c = 61 - a. Is c a composite number?
True
Let z = 245 + -118. Is z a prime number?
True
Let p(v) = 23*v + 58. Is p(9) composite?
True
Let j(w) = -10*w**3 - w**2 + 5*w + 3. Let o be j(-3). Suppose 2*x = -x + o. Is x prime?
True
Let p(u) = -u**3 + 7*u**2. Let l be p(5). Let x = l - 19. Is x a prime number?
True
Let y = -1 - 6. Is (-6532)/(-28) - (-2)/y a composite number?
False
Let q be 8 + (-3 - 3/3). Let n(r) = 18*r**2 + 5. Is n(q) composite?
False
Let n = 847 - 1506. Let z = -306 - n. Is z prime?
True
Let j(r) be the second derivative of -r**4/12 - r**3 + 5*r**2/2 - r. Let c be j(-6). Suppose c*h + 51 = 156. Is h composite?
True
Suppose -2*p + 5*i - 9 + 288 = 0, 2*p - 258 = -2*i. Suppose 5*j + 38 + p = 0. Let f = j + 89. Is f a prime number?
False
Let n(q) = 6*q**2 - 8*q + 13. Is n(5) a composite number?
True
Let x = -20 - -10. Let j = x + 17. Is j composite?
False
Let s be 3*(4 + -3) + 1002. Suppose 7*k - s = 4*k. Is k prime?
False
Suppose -6*z + 3*z + 18 = 3*m, -2 = -2*z. Suppose 4*l + 3*r = l + 1326, -2240 = -5*l + m*r. Is l a composite number?
True
Let n(s) = -s**3 + 16*s**2 - 12*s - 12. Suppose 2*d - 7*d + 75 = 0. Is n(d) composite?
True
Let j(z) = -3*z**2 + 3*z + 1. Let n be j(-2). Let a = -11 - n. Is a a composite number?
True
Let d(v) = v**2 + 8*v. Let s be d(-8). Suppose s = -5*o + 2*o + 345. Is o a composite number?
True
Suppose -5*p = -4*s - 42, -2*p + 3*p = 4*s + 2. Is 1*303/6*p prime?
False
Suppose 0 = 2*o - 0*r + r, -3*o - 4*r - 10 = 0. Let q(l) = -4 + 3*l**3 - 4*l**3 + 2*l**3 + o*l**2 + 4*l. Is q(3) composite?
False
Let g(b) = -48*b + 1. Let u = -13 + 10. Is g(u) a composite number?
True
Let l(b) = 6*b**3 + 3*b**2 + 9*b - 1. Is l(5) a composite number?
True
Suppose 3*v + 2*v = 2*u - 366, 4*u - v - 732 = 0. Let q = -109 + u. Is q a composite number?
True
Suppose -p + 5 = 2. Let n be 114 - (-1 - -3 - p). Suppose -4*w = w - n. Is w composite?
False
Is 14/21 + (2 - (-1345)/3) composite?
True
Let v(z) = 6*z**3 + 8*z**2 - 1. Let c(y) = -7*y**3 - 9*y**2 + y. Let d(t) = -5*c(t) - 6*v(t). Let w be d(-5). Suppose -5*o + 14 + w = 0. Is o prime?
True
Is (-13052)/(-15)*3 - (-6)/10 a composite number?
True
Suppose -4*g - 2144 = -4*w, -4*g + 6*g - 2174 = -4*w. Is w a composite number?
False
Suppose 7*w - 10448 = -w. Is w prime?
False
Suppose 4*s + 3*z = -2, -3*s - 5*z - 9 + 2 = 0. Let n be (-4 - -5)/(s/33). Suppose u = 4*u - n. Is u a prime number?
True
Let x = 4 - 2. Suppose x*n - m - 2 = 0, 3*n + 0*m = -2*m + 17. Suppose -378 = -3*y - 3*b, -6*y + n*b + 638 = -y. Is y a prime number?
True
Let b = -219 + 378. Is b a prime number?
False
Let v(c) = -187*c**3 - c**2 - c. Let a = -18 - -17. Is v(a) a prime number?
False
Let z(g) be the first derivative of -g**4/4 + 2*g**3/3 + g**2 - g + 1. Suppose 0 = 5*d + 13 - 3. Is z(d) prime?
True
Suppose 15*s = 13*s + 3694. Is s composite?
False
Suppose l - 2*x - 48 = 0, 2*l - 138 = -l + 3*x. Suppose -s = -l - 39. Is s composite?
False
Suppose -61 - 159 = -4*g. Let z = 58 + g. Is z a prime number?
True
Suppose -5*u + 682 = 2*g, -4*g - 4*u - 55 = -1395. Is g a prime number?
True
Suppose -192 = -n + 115. Is n composite?
False
Is (-1)/(-1) + (-9)/((-9)/784) prime?
False
Let n(k) = 14*k + 7. Let y be n(5). Let g(s) = -2*s**2 - 15*s - 14. Let v be g(-10). Let f = y - v. Is f composite?
True
Suppose 4*j - 3*g = -273, 8*g - 3*g + 25 = 0. Let n = j + 109. Is n prime?
True
Suppose 0 = 4*w - 0*w - 8. Suppose -2*h + 5*p = -29 - 0, 3*h + 4*p = -14. Suppose -w*c + 4*a + 110 = 0, -h = 2*a - 0*a. Is c composite?
False
Suppose -160 = -4*c - 4*v - 4, 3*v = -c + 47. Suppose -4*o + 313 = -c. Is o prime?
False
Suppose 4*o - 2*o - 2*b = 54, 0 = 4*o + 4*b - 76. Is o a composite number?
False
Let g be 1/(-1 + 64/66). Let d = -79 + 195. Let n = d + g. Is n prime?
True
Let r(p) = 80*p**2 + 6*p - 11. Is r(5) prime?
False
Let k(d) = 125*d + 1. Let h be k(1). Suppose -2*u + 0 = -t + 27, 0 = -4*t - u + h. Let o = t + -18. Is o prime?
True
Let k = -8 + 5. Is (-174)/(0 + 1 + k) a prime number?
False
Let f(p) = -p**3 + 8*p**2 + 4*p + 5. Is f(8) composite?
False
Let x be (-6)/(-10)*(0 + 5). Suppose x*j - c - 79 = 0, -j + 5*j - 99 = -5*c. Is j a composite number?
True
Suppose 0 = -2*y + 3*y - 1229. Is y a prime number?
True
Suppose -2*m + 0*m + 6 = 0. Let q be (-3)/6*2 + m. Suppose 3*u = 4*g + 283, -3*g = -q*u - g + 186. Is u a composite number?
False
Let m(y) = y + 3. Suppose -3*j = 2*j. Let u be m(j). Suppose 17 = u*b - 418. Is b a prime number?
False
Is (-4)/(-8)*(3 + 11) a composite number?
False
Suppose 322 = -4*m - 30. Let f = m + 147. Is f a composite number?
False
Suppose 5*z - 9 = 1. Is z/(-13) + 108488/104 a composite number?
True
Let c = 20 - 17. Is c prime?
True
Suppose 0*w - 2*w + 1268 = 2*t, -4*t = w - 2521. Is t a composite number?
True
Let f(s) be the third derivative of 2*s**5/15 + s**4/12 - s**3/3 - 3*s**2. Is f(2) composite?
True
Let x(h) = -2*h + 7. Let o be x(5). Let i be (-1)/o*0 + 40. Let t = i - 21. Is t composite?
False
Let z(f) = 36*f - 4. Let k be z(4). Suppose 3*u + u - k = 0. Is u prime?
False
Let m(s) = 12*s**2 - 9*s - 10. Is m(-5) composite?
True
Is 13208/14 + 9/(-21) a composite number?
True
Let f = 11 + -6. Suppose 4*p - p + q = 32, 0 = -2*p + f*q + 27. Is p composite?
False
Suppose w = -w - 24. Let a be (-3)/w - 2/8. Suppose 3*f - 66 = -a*f. Is f a prime number?
False
Suppose -c = -0*c. Suppose 4*k + 7 - 3 = c. Is (-4 - k)/(3/(-11)) prime?
True
Suppose 2*x = -2*z, -2*x - x - 4 = 2*z. Suppose z*c = 368 + 492. Is c a composite number?
True
Let i(n) = 177*n**3 - n**2. Let m be i(1). Suppose 0 = -3*u - 2*t + 363, -4*u - t = -m - 303. Is u composite?
True
Suppose -5*k - 4*o + 5*o + 265 = 0, -4*o - 159 = -3*k. Is k composite?
False
Let s(d) = -26*d + 4. Let h be s(-3). Let l = -71 - -32. Let v = h - l. Is v prime?
False
Suppose -5*c + 3*r = -5873, r + 5868 = 5*c + 3*r. Is c a composite number?
True
Suppose -3*k - 157 + 958 = 0. Is k composite?
True
Let o(t) = -6*t - 4. Suppose -8 + 28 = -4*d. Let i(w) = -w**2 - 5*w - 3. Let k be i(d). Is o(k) a composite number?
True
Suppose 0*b = 4*b - 8. Let f(q) = 2*q**3 - 3*q**2. Let y be f(b). Suppose 5*c - 248 = -y*r + 2*c, -69 = -r + c. Is r a prime number?
False
Let w = 8 + -5. Suppose 5*b = 4*y - w, 2*y + 3*b - 23 = 6. Is y composite?
False
Let d = 14 + 21. Suppose a = -4*a + d. Suppose -2*o + 5 = -a. Is o composite?
True
Let x(m) be the second derivative of -m**3/2 + 2*m. Let w be x(-4). Suppose 2*n - w = -0. Is n a composite number?
True
Suppose 0*d = 3*d + 3*x - 15, -5*x + 25 = -2*d. Suppose d = a + 4*a. Suppose a = -3*z - 2*z + 45. Is z prime?
False
Is (-18)/81 + 191/9 prime?
False
Let z = 42 + -24. Let a = -11 + z. Is a prime?
True
Let u(w) = w + 192. Let d be u(0). Let y = d - 75. Let n = y + -58. Is n a prime number?
True
Let v(b) = -b**2 + 19*b + 5. Let j be v(15). Let w be (-2)/(-5)*(-460)/(-4). Let f = j - w. Is f composite?
False
Let t(x) = -7*x**3 - 3*x**2 + 11*x + 23. Is t(-6) composite?
False
Is (1/(-3))/((-2)/18) - -788 prime?
False
Let r = -5 + 116. Let p be (-4)/(-5 + 1)*0. Suppose p = -0*q - 3*q + r. Is q a prime number?
True
Suppose -33 - 80 = -x. Is x composite?
False
Suppose 6*n - n = 4*k - 48, -5*k = 5*n - 15. Is k composite?
False
Suppose -5*i - 5 = 0, 4*h - 2*i + 7*i - 1767 = 0. Is h prime?
True
Suppose -114 = -2*j - 4*p - 0*p, -j - 4*p = -47. Is j a composite number?
False
Suppose f - 445 = -4*f. Is f a prime number?
True
Let m(a) = -49*a - 2. Let d be m(-2). Let s be -61 - (-2 - -2) - 2. Let q = d + s. Is q a prime number?
False
Let s(d) = -6*d**3 - 4*d**2 - d + 1. Let b(l) = -11*l**3 - 8*l**2 - 2*l + 2. Let y(o) = 3*b(o) - 5*s(o). Is y(-4) a composite number?
True
Suppose -n + 153 = -5*o, -3*o + 5*o = 4*n - 576. Is n a composite number?
True
Suppose 3 = -4*p - 5. Let m be 7/p + 2/(-4). Is 219/6 - 2/m a prime number?
True
Let i(h) = 13*h**2 + h. Is i(1) composite?
True
Let h(r) = 22*r**2 - 2. Let s be (12/36)/(1/6). Is h(s) a composite number?
True
Let w be 0/(4/(4/(-2))). Let x be -6*(2/(-4) + 0). Let z = x + w. Is z composite?
False
Suppose -2*o - 719 = -3*o. Is o prime?
True
Let n = 1218 + 1207. Suppose 2*z + 3*i - 977 = 0, 5*z = -